{"id":2367,"date":"2014-08-18T11:07:45","date_gmt":"2014-08-18T11:07:45","guid":{"rendered":"https:\/\/www.coraldebilbao.com\/quienes-somos\/junta-directiva\/"},"modified":"2020-01-30T12:45:04","modified_gmt":"2020-01-30T11:45:04","slug":"junta-directiva","status":"publish","type":"page","link":"https:\/\/www.coraldebilbao.com\/en\/quienes-somos\/junta-directiva\/","title":{"rendered":"Board of Directors"},"content":{"rendered":"<img loading=\"lazy\" class=\"aligncenter size-full wp-image-1562\" src=\"https:\/\/www.coraldebilbao.com\/wp-content\/uploads\/2014\/08\/junta-directiva-coral1.jpg\" alt=\"junta-directiva-coral\" width=\"790\" height=\"266\" \/>\n<h2 style=\"margin-bottom: -5px;\">Current Board of Directors<\/h2>\n<div class=\"dt-sc-hr-border\"><\/div>\n<table>\n<tbody>\n<tr>\n<td>LANZAGORTA CASANS, Jos\u00e9 Miguel<\/td>\n<td>President<\/td>\n<\/tr>\n<tr>\n<td>GERRIKABEITIA ORBEA, Cecilio<\/td>\n<td>Honorable President<\/td>\n<\/tr>\n<tr>\n<td>LEKERIKA ZARRAGA, Aritz<\/td>\n<td>Vice-president I<\/td>\n<\/tr>\n<tr>\n<td>ALBAREDA URETA, Jordi<\/td>\n<td>Vice-president II<\/td>\n<\/tr>\n<tr>\n<td>BUCES CALVO, Patxi<\/td>\n<td>Treasurer<\/td>\n<\/tr>\n<tr>\n<td>QUEREJAZU ITURBURU, Teresa<\/td>\n<td>Secretary<\/td>\n<\/tr>\n<tr>\n<td>ABAD APRAIZ, Marta<\/td>\n<td>Vocal<\/td>\n<\/tr>\n<tr>\n<td>ALBAREDA URETA, Jordi<\/td>\n<td>Vocal<\/td>\n<\/tr>\n<tr>\n<td>BERGARECHE BUSQUET, Jos\u00e9 M\u00aa<\/td>\n<td>Vocal<\/td>\n<\/tr>\n<tr>\n<td>ECHEVARRIA BUSQUET, Alejandro<\/td>\n<td>Vocal<\/td>\n<\/tr>\n<tr>\n<td>HERN\u00c1NDEZ VILLALABEITIA, Loli<\/td>\n<td>Vocal<\/td>\n<\/tr>\n<tr>\n<td>KN\u00d6RR BARANDIARAN, Virginia<\/td>\n<td>Vocal<\/td>\n<\/tr>\n<tr>\n<td>OLABARRIA VILLOTA, Gonzalo<\/td>\n<td>Vocal<\/td>\n<\/tr>\n<tr>\n<td>MENDOZA EGUIRAUN, Javier<\/td>\n<td>Vocal<\/td>\n<\/tr>\n<tr>\n<td>M\u00cdNGUEZ BENAVENTE, Jos\u00e9 Ram\u00f3n<\/td>\n<td>Vocal<\/td>\n<\/tr>\n<tr>\n<td>S\u00c1NCHEZ GANDARIAS, Oscar<\/td>\n<td>Vocal<\/td>\n<\/tr>\n<\/tbody>\n<\/table>\n","protected":false},"excerpt":{"rendered":"<p>Current Board of Directors LANZAGORTA CASANS, Jos\u00e9 Miguel President GERRIKABEITIA ORBEA, Cecilio Honorable President LEKERIKA ZARRAGA, Aritz Vice-president I ALBAREDA URETA, Jordi Vice-president II BUCES CALVO, Patxi Treasurer QUEREJAZU ITURBURU, Teresa Secretary ABAD APRAIZ, Marta Vocal ALBAREDA URETA, Jordi Vocal BERGARECHE BUSQUET, Jos\u00e9 M\u00aa Vocal ECHEVARRIA BUSQUET, Alejandro Vocal HERN\u00c1NDEZ VILLALABEITIA, Loli Vocal KN\u00d6RR BARANDIARAN, [&hellip;]<\/p>\n","protected":false},"author":6,"featured_media":0,"parent":2329,"menu_order":2,"comment_status":"open","ping_status":"open","template":"","meta":[],"_links":{"self":[{"href":"https:\/\/www.coraldebilbao.com\/en\/wp-json\/wp\/v2\/pages\/2367"}],"collection":[{"href":"https:\/\/www.coraldebilbao.com\/en\/wp-json\/wp\/v2\/pages"}],"about":[{"href":"https:\/\/www.coraldebilbao.com\/en\/wp-json\/wp\/v2\/types\/page"}],"author":[{"embeddable":true,"href":"https:\/\/www.coraldebilbao.com\/en\/wp-json\/wp\/v2\/users\/6"}],"replies":[{"embeddable":true,"href":"https:\/\/www.coraldebilbao.com\/en\/wp-json\/wp\/v2\/comments?post=2367"}],"version-history":[{"count":2,"href":"https:\/\/www.coraldebilbao.com\/en\/wp-json\/wp\/v2\/pages\/2367\/revisions"}],"predecessor-version":[{"id":19348,"href":"https:\/\/www.coraldebilbao.com\/en\/wp-json\/wp\/v2\/pages\/2367\/revisions\/19348"}],"up":[{"embeddable":true,"href":"https:\/\/www.coraldebilbao.com\/en\/wp-json\/wp\/v2\/pages\/2329"}],"wp:attachment":[{"href":"https:\/\/www.coraldebilbao.com\/en\/wp-json\/wp\/v2\/media?parent=2367"}],"curies":[{"name":"wp","href":"https:\/\/api.w.org\/{rel}","templated":true}]}}

<img loading="lazy" class="aligncenter size-full wp-image-1562" src="https://www.coraldebilbao.com/wp-content/uploads/2014/08/junta-directiva-coral1.jpg" alt="junta-directiva-coral" width="790" height="266" />
<h2 style="margin-bottom: -5px;">Current Board of Directors</h2>
<div class="dt-sc-hr-border"></div>
<table>
<tbody>
<tr>
<td>LANZAGORTA CASANS, José Miguel</td>
<td>President</td>
</tr>
<tr>
<td>GERRIKABEITIA ORBEA, Cecilio</td>
<td>Honorable President</td>
</tr>
<tr>
<td>LEKERIKA ZARRAGA, Aritz</td>
<td>Vice-president I</td>
</tr>
<tr>
<td>ALBAREDA URETA, Jordi</td>
<td>Vice-president II</td>
</tr>
<tr>
<td>BUCES CALVO, Patxi</td>
<td>Treasurer</td>
</tr>
<tr>
<td>QUEREJAZU ITURBURU, Teresa</td>
<td>Secretary</td>
</tr>
<tr>
<td>ABAD APRAIZ, Marta</td>
<td>Vocal</td>
</tr>
<tr>
<td>ALBAREDA URETA, Jordi</td>
<td>Vocal</td>
</tr>
<tr>
<td>BERGARECHE BUSQUET, José Mª</td>
<td>Vocal</td>
</tr>
<tr>
<td>ECHEVARRIA BUSQUET, Alejandro</td>
<td>Vocal</td>
</tr>
<tr>
<td>HERNÁNDEZ VILLALABEITIA, Loli</td>
<td>Vocal</td>
</tr>
<tr>
<td>KNÖRR BARANDIARAN, Virginia</td>
<td>Vocal</td>
</tr>
<tr>
<td>OLABARRIA VILLOTA, Gonzalo</td>
<td>Vocal</td>
</tr>
<tr>
<td>MENDOZA EGUIRAUN, Javier</td>
<td>Vocal</td>
</tr>
<tr>
<td>MÍNGUEZ BENAVENTE, José Ramón</td>
<td>Vocal</td>
</tr>
<tr>
<td>SÁNCHEZ GANDARIAS, Oscar</td>
<td>Vocal</td>
</tr>
</tbody>
</table>

<p>Current Board of Directors LANZAGORTA CASANS, José Miguel President GERRIKABEITIA ORBEA, Cecilio Honorable President LEKERIKA ZARRAGA, Aritz Vice-president I ALBAREDA URETA, Jordi Vice-president II BUCES CALVO, Patxi Treasurer QUEREJAZU ITURBURU, Teresa Secretary ABAD APRAIZ, Marta Vocal ALBAREDA URETA, Jordi Vocal BERGARECHE BUSQUET, José Mª Vocal ECHEVARRIA BUSQUET, Alejandro Vocal HERNÁNDEZ VILLALABEITIA, Loli Vocal KNÖRR BARANDIARAN, [&hellip;]</p>
